 - 49. What is u(6)?
989
Let o(a) = a**3 - 109*a**2 - 1299*a + 23. Give o(-11).
-208
Let t(b) = -3114929*b - 12459721. Calculate t(-4).
-5
Let s(m) = 3*m**3 + 139*m**2 - 230*m + 573. Give s(-48).
93
Let x(q) = 71*q + 3153. Determine x(-59).
-1036
Let x(k) = 24902*k - 24897. What is x(1)?
5
Let i(z) = z**2 + 179*z - 5206. Determine i(25).
-106
Let b(t) = -t**2 + 111*t + 8895. What is b(-51)?
633
Let d(l) = -54*l**2 - 1096*l - 230. What is d(-20)?
90
Let t(w) = 207*w**3 + 7*w**2 - 3*w - 5. Give t(1).
206
Let s(q) = 5601*q + 649821. Calculate s(-116).
105
Let k(u) = -11848*u + 402834. Give k(34).
2
Let f(w) = -1807*w - 13469. Give f(-8).
987
Let a(o) = -2*o**3 - 82*o**2 - 516*o + 391. What is a(-33)?
-5
Let o(u) = 18245*u - 18235. Give o(1).
10
Let f(o) = -296*o - 47. Calculate f(3).
-935
Let o(p) = 5*p**3 + 763*p**2 + 2679*p - 427. Determine o(-149).
20
Let t(i) = 2*i**2 - 2660*i + 67903. Calculate t(26).
95
Let o(n) = -6901*n + 4354551. Calculate o(631).
20
Let n(p) = -3*p**2 - 616*p + 3106. Give n(-211).
-481
Let h(b) = -b**2 - 107*b - 1132. What is h(-85)?
738
Let c(l) = -19*l**3 + 207*l**2 - 26*l + 517. What is c(11)?
-11
Let y(q) = -q**2 - 215830*q + 1079175. Give y(5).
0
Let f(l) = 23341*l - 606806. Give f(26).
60
Let i(u) = u**3 - 134*u**2 + 95*u + 22314. Determine i(132).
6
Let s(h) = -2*h**3 + 174*h**2 - 299*h - 3723. What is s(85)?
-238
Let v(i) = 2*i**3 + 505*i**2 + 3734*i + 14426. What is v(-245)?
-29
Let r(s) = 80*s**2 + 4175*s + 388. Give r(-52).
-392
Let g(f) = 2*f**3 + 82*f**2 + 560*f - 151. What is g(-9)?
-7
Let f(d) = 57*d + 5340. Determine f(-105).
-645
Let k(h) = 47307*h - 24315798. Determine k(514).
0
Let i(c) = -3*c**2 + 370*c - 9437. Calculate i(36).
-5
Let r(f) = 20418*f + 1163832. What is r(-57)?
6
Let n(h) = -86*h**2 - 1718*h + 8233. Give n(-24).
-71
Let c(m) = 5*m**2 + 482*m - 2948. What is c(6)?
124
Let k(m) = -275*m**3 + 6*m**2 + 6*m - 3. Give k(1).
-266
Let z(o) = 2*o**3 + 1477*o**2 - 3695*o + 7438. Give z(-741).
28
Let j(a) = 18*a**2 - 578*a - 4762. Calculate j(-8).
1014
Let h(n) = 335*n + 1443. What is h(-8)?
-1237
Let v(d) = 80251*d - 7383100. Determine v(92).
-8
Let v(z) = -1410*z + 35106. What is v(25)?
-144
Let s(t) = -23*t**2 - 1731*t - 444. What is s(-75)?
6
Let s(p) = -4*p**3 - 1897*p + 3799. Calculate s(2).
-27
Let p(h) = -340*h**2 + 2038*h + 35. Calculate p(6).
23
Let o(k) = 35703*k + 71287. Calculate o(-2).
-119
Let i(c) = 954*c - 78711. Determine i(82).
-483
Let v(o) = 121*o + 934. Give v(4).
1418
Let u(x) = 982*x**2 + 27487*x - 247. Calculate u(-28).
5
Let d(y) = 576866*y + 5768660. Calculate d(-10).
0
Let n(i) = -3*i**3 + 23*i**2 + 16*i - 123. Give n(7).
87
Let p(j) = -678*j**2 - 16578*j - 7342. Calculate p(-24).
2
Let u(f) = -2*f**3 + 85*f**2 + 687*f - 2451. What is u(49)?
-1
Let b(m) = m**3 + 442*m**2 + 3458*m - 6082. Calculate b(-434).
-6
Let c(n) = 7*n**3 + 197*n**2 + 23*n + 100. Determine c(-28).
240
Let z(p) = p**3 - 110*p**2 + 807*p + 1776. Calculate z(102).
858
Let r(v) = v**3 + 44*v**2 + 484*v - 26. Give r(-22).
-26
Let x(y) = -180634*y + 1445144. Determine x(8).
72
Let i(t) = t**2 + 647*t - 32781. Calculate i(47).
-163
Let w(t) = -2*t**3 - 73*t**2 + 197*t - 105. Determine w(2).
-19
Let n(a) = -3086*a + 398070. Determine n(129).
-24
Let l(c) = -2*c**2 - 116782*c - 2101413. Calculate l(-18).
15
Let y(j) = 4*j**3 + j**2 - 109*j - 522. Give y(-5).
-452
Let z(h) = -h**3 + 4*h**2 + 131*h + 390. Determine z(-3).
60
Let h(n) = n**3 + 39*n**2 + 38*n + 22. What is h(-37)?
1354
Let q(m) = -m**2 + 34*m + 1381. Give q(-26).
-179
Let v(g) = -1709*g + 680193. Calculate v(398).
11
Let i(u) = -u**3 + 50*u**2 - 1056*u + 6576. Determine i(10).
16
Let m(i) = 423111*i + 1269320. What is m(-3)?
-13
Let g(b) = 436166*b + 1744717. Determine g(-4).
53
Let f(b) = -7*b**3 + 2015*b**2 - 1730*b + 2087. Determine f(287).
-209
Let k(n) = 22296*n + 2430270. Give k(-109).
6
Let h(q) = 802*q + 263056. Give h(-328).
0
Let v(c) = 13463*c - 134630. Calculate v(10).
0
Let r(m) = 561*m**3 + 3*m**2 - 76*m + 72. Calculate r(1).
560
Let w(n) = 37*n**2 + 352*n + 238. Give w(-10).
418
Let p(f) = -2818*f**2 + 32989*f + 9922. Determine p(12).
-2
Let a(g) = 4*g**2 - 2919*g - 54622. Determine a(748).
-18
Let h(r) = r**2 - 271*r + 11090. Calculate h(51).
-130
Let x(c) = 11712*c - 117128. Calculate x(10).
-8
Let u(g) = -g**3 + 51*g**2 - 90*g - 2796. Determine u(48).
-204
Let w(h) = -24*h - 2544. Give w(-108).
48
Let i(d) = -632*d + 4121. What is i(6)?
329
Let t(u) = -83*u - 11680. Give t(-137).
-309
Let p(f) = -26*f**2 + 261*f + 25912. Determine p(37).
-25
Let n(x) = -2*x**2 + 60*x + 2851. Determine n(-30).
-749
Let k(j) = -10089*j - 464083. Give k(-46).
11
Let p(b) = -500*b**2 - 1501*b - 7. Give p(-3).
-4
Let v(c) = -10513*c + 262823. Calculate v(25).
-2
Let y(i) = -i**3 + 17*i**2 + i + 91. What is y(17)?
108
Let d(x) = -150297*x - 520. What is d(0)?
-520
Let k(r) = 92*r**2 + 3984*r - 20741. Give k(-48).
-5
Let k(i) = 18*i - 970. Calculate k(6).
-862
Let j(f) = 172368*f - 1206561. Give j(7).
15
Let t(o) = -725*o - 5326. Give t(-7).
-251
Let k(w) = -w**2 - 101*w + 18034. Determine k(93).
-8
Let x(y) = 724628*y - 5797030. Determine x(8).
-6
Let c(h) = 17982*h + 13684297. What is c(-761)?
-5
Let w(q) = 3*q**2 + 309*q - 11734. Calculate w(-133).
236
Let j(i) = -i**3 + 7*i**2 - 26143*i + 78407. Calculate j(3).
14
Let n(k) = -k**3 + 335*k**2 + 97612*k - 478. Determine n(-187).
-104
Let f(w) = -w**2 - 21038*w + 336904. Calculate f(16).
40
Let w(d) = 43*d**2 - 1076*d + 9528. Calculate w(9).
3327
Let i(r) = -43844*r**2 + 438446*r - 31. What is i(10)?
29
Let w(x) = 84289*x + 168571. Calculate w(-2).
-7
Let s(f) = -f**2 - 369*f + 4159. Give s(12).
-413
Let k(z) = 1031*z**3 - 64952*z**2 - 75*z + 764. Give k(63).
8
Let g(l) = 162*l**3 - 5*l**2 - 1901*l + 1907. Determine g(1).
163
Let o(r) = 21*r**2 + 1407*r - 21837. Give o(-80).
3
Let l(o) = -o**2 - 18*o + 365. Give l(-34).
-179
Let k(c) = 80*c**2 + 6380*c + 4768. What is k(-79)?
28
Let j(r) = 7237*r - 810539. Calculate j(112).
5
Let x(u) = -u**3 + 55*u**2 - 102*u + 2652. Give x(54).
60
Let j(f) = -f**3 + f**2 + 1000*f - 4028. Determine j(-33).
-2
Let k(z) = 31*z**2 - 1958*z + 711. Give k(62).
-1521
Let g(n) = -n**3 + 6*n**2 - 655*n + 11920. What is g(16)?
-1120
Let w(u) = -332*u + 22058. Calculate w(65).
478
Let w(d) = -d**2 + 399*d + 14242. Determine w(-33).
-14
Let g(m) = 27*m**2 - 382*m - 23. Calculate g(11).
-958
Let r(i) = -i**2 - 72*i - 185. Determine r(-69).
22
Let y(k) = 13958*k + 139304. Calculate y(-10).
-276
Let s(b) = 2645*b - 473422. Calculate s(179).
33
Let t(d) = -56834*d - 1307189. Determine t(-23).
-7
Let t(x) = 2859*x - 1180715. Give t(413).
52
Let b(n) = 45*n**3 + 38*n - 113. Determine b(3).
1216
Let y(k) = 44*k**2 + 5997*k + 474. What is y(-136)?
-1294
Let u(v) = v**3 + 11*v**2 - 6745*v + 13443. Calculate u(2).
5
Let j(z) = -z**3 + 75*z**2 + 1074*z + 44. Calculate j(-13).
954
Let m(d) = -119*d**2 + 154*d - 83. What is m(4)?
-1371
Let p(u) = u**2 + 144*u + 2392. Determine p(-106).
-1636
Let c(u) = -1797*u + 1071038. Give c(596).
26
Let r(t) = 2*t**3 - 30*t**2 + 137*t - 16. What is r(4)?
180
Let i(b) = b**2 + 880*b - 23054. Calculate i(25).
-429
Let z(d) = -292*d + 31344. What is z(108)?
-192
Let p(a) = 19548*a - 821008. Give p(42).
8
Let i(u) = -u**3 + 146*u**2 - 542*u + 36575. Give i(144).
-1
Let j(p) = 1859*p - 59383. What is j(32)?
105
Let l(p) = -701*p**2 - 406*p + 410. Give l(1).
-697
Let q(z) = -54235*z + 542351. Determine q(10).
1
Let d(g) = 348*g - 7206. Calculate d(28).
2538
Let x(r) = -6*r**2 - 20355*r - 61007. Calculate x(-3).
4
Let i(q) = -36*q**3 + 7*q**2 - 2*q + 473. Calculate i(0).
473
Let s(w) = 7*w**3 - 36*w**2 + 150*w - 156. Determine s(4).
316
Let z(t) = -28817*t - 489880. Calculate z(-17).
9
Let w(f) = f**3 - 11*f**2 + 592*f - 7253. Give w(12).
-5
Let f(b) = -47*b**2 + 224*b + 1293. Determine f(-6).
-1743
Let c(i) = -105*i**2 - 248*i - 148. Determine c(-1).
-5
Let l(g) = 2*g**3 + 3*g**2 + 484*g - 4236. Give l(9).
1821
Let z(w) = 2*w**3 + 20*w**2 + 58*w - 90. What is z(-4)?
-130
Let b(h) = 100919*h - 302753. Determine b(3).
4
Let y(g) = -g**3 + 14*g**2 - 28*g + 28. Give y(6).
148
Let z(o) = 227*o - 18303. Determine z(73).
-1732
Let l(g) = 4697*g - 25776. What